culate b(5).
-10
Suppose -5*q - 121 = 3*k, -2*q - 128 = 3*k - 4*q. Let s = k - -49. Let h(r) = 2*r + 4*r + s - 3*r - 2*r. Determine h(-5).
2
Let v be (-2)/(-10) + 116/20 + -23. Let l(y) = 4*y**2 + 67*y - 28. Calculate l(v).
-11
Let h(w) = -7*w**2 - 13*w + 5. Let v(x) = -4*x**2 - 8*x + 2. Let f(i) = -3*h(i) + 5*v(i). Give f(0).
-5
Let t(g) = g**3 - 10*g**2 - 8*g - 36. Let n be (-8)/(-60) - -163*(-2)/(-30). Let r be t(n). Let d(u) = 2*u**3 + 4*u**2 + 3. Calculate d(r).
-15
Let a(q) be the third derivative of q**4/24 + q**3/6 - 361*q**2. Suppose -x = 4*x - 120. Suppose x = -c - 3*c. Give a(c).
-5
Let t(r) = -1 - 35*r**2 + 2*r - 27*r**2 + 0*r + 57*r**2 - 21*r**2. Determine t(1).
-25
Let v(i) be the second derivative of i**5/60 + i**4/6 - 11*i**3/6 - 39*i**2 + 2*i - 3. Let l(z) be the first derivative of v(z). Give l(-8).
21
Suppose -t = 4*a - 5 - 16, 2*a - t = 9. Suppose -x + 2*x + a*p = -81, -x = p + 81. Let d = -82 - x. Let c(z) = 3*z. Give c(d).
-3
Suppose -5*f + 44*f = -31*f - f. Let c(r) be the third derivative of -12*r**2 - 1/120*r**6 - 2/3*r**3 + 1/12*r**5 + 5/24*r**4 + f*r + 0. Determine c(5).
21
Suppose 0 = 5*c + q, -3*c - 9 = -4*q + 14. Let l(b) = -6*b. What is l(c)?
6
Let t(u) = -1876 + 646 + 638 + 2*u + 639. What is t(-18)?
11
Suppose -336*x - 21 = -333*x. Let r(j) = j**3 - j - 1. Let m(g) = -5*g**3 - 6*g**2 + 12*g + 10. Let n(d) = m(d) + 4*r(d). Calculate n(x).
-1
Let m(f) = f**3 + f**2 + f + 9. Let c be m(0). Let s(z) = -7*z + 552 + c*z - 550. What is s(-1)?
0
Let k(v) = 2*v**2 - 2*v**2 + 4*v**2 - 1 - v**3 + 5*v. Suppose -4*x - 21 = -139*j + 142*j, -2*j - 2*x = 8. Give k(j).
-1
Let s(y) = -y**3 + 5*y**2 - 3*y + 1. Let i = -215 - -227. Suppose 3*k = 4*d - 28, -4*k + i = -2*d + 36. Give s(d).
5
Let y(z) = -10*z**2 + 8*z - 10. Let d(h) = 28*h**2 - 25*h + 25. Let p(f) = -6*d(f) - 17*y(f). Determine p(-2).
0
Suppose -v = -4*n + 27, -n + 2*n - 2*v - 5 = 0. Suppose 0 = n*a + 2 + 19. Let z(q) = -5 + 1 - q**3 - 3*q**2 + 0. What is z(a)?
-4
Let k(a) = -2 + 0*a**2 + 2*a**2 - a**3 + 3 - a. Let q(m) = -5*m - 174*m**2 + 16 + 11 - 17*m + m**3 + 184*m**2. Let g be q(-12). Give k(g).
-11
Let c be (-1 - (-5)/3) + 30/9. Let l(v) = c*v**2 + v + v**2 - v**2 - v**3 - 7*v**2. Calculate l(-3).
-3
Let i be (5 - (6 + -7)) + 367. Let o = i - 365. Let d(b) = -b**3 + 9*b**2 - 7*b - 5. What is d(o)?
3
Let r = 399 - 395. Let t(w) = 9*w - 16. Let d(v) = -11*v + 18. Let s(k) = r*t(k) + 3*d(k). Calculate s(5).
5
Let i be 12/4 - (3 - 10) - 8. Let l(b) = b + 15. Let x be l(-13). Let r(g) = 4*g**3 - 3 + x*g - g**3 - 2*g**3 - 3*g**2. Determine r(i).
-3
Let f(t) = t**2 + 363*t + 1785. Let i be f(-5). Let j(w) = -19*w - 89. Give j(i).
6
Suppose 5*h = 8*h - 69. Suppose h*l = 19*l - 4. Let c(s) be the second derivative of 11*s**3/6 + s**2/2 - 39*s. What is c(l)?
-10
Let u(f) be the first derivative of f**4/4 - 14*f**3/3 - 18*f**2 - 15*f + 15650. What is u(16)?
-79
Let v = 45 - 67. Let a = 16 + v. Let j(k) = k**2 + 9*k - 2. Let d(i) = -4*i**2 - 37*i + 9. Let z(r) = 2*d(r) + 9*j(r). What is z(a)?
-6
Suppose 2*j = -4*g - 8, 3*g = -3*j + 25 - 28. Let d(v) = 10*v**2 - 3*v + 3. Give d(j).
37
Let m(j) = j**3 + 5*j**2 - 5*j - 6. Let l be m(-7). Let w be (-4)/(-6)*1*l*-1. Let y = -43 + w. Let s(d) = -d**3 + 2*d**2 - d. Calculate s(y).
-12
Suppose -1626 = -71*w + 69*w. Let r(n) = n**2 - n - 834 + w - 14*n. Give r(16).
-5
Suppose 5*m - 34 = -4*q, 129*m - 5*q = 124*m - 20. Let b(a) = 4*a - 11. Calculate b(m).
-3
Let o(q) = -44 + 26 - 75 + 4067*q - 4063*q. Determine o(22).
-5
Suppose 2*l + 2*h = h + 63, 3*h = 15. Suppose 0 = 3*v + 5 - l. Let d(w) = -23*w**2 - 26*w**2 - v + w - 2*w**3 + 41*w**2 + 3*w**3. What is d(8)?
0
Suppose -5*z + 5*l = -30, z + 3*l = 7*l + 9. Let n(g) = 6*g**2 - 136 + 277 - 137 - g**3 - 5*g. Determine n(z).
4
Suppose 4*t - 2*w + 12 = 0, -10 = 2*t - 0*t + w. Let q(z) = -z**2 - 6*z - 6. Let h be q(t). Let o(r) = 9*r - 2. Give o(h).
16
Let t(v) = -v**3 + 19*v**2 - 79*v - 53. Let d be t(12). Let h(x) = -2*x**3 + 16*x**2 - 12*x - 9. Give h(d).
5
Let o(k) be the third derivative of -3*k**5/40 + k**4/24 - 50*k**3/3 + 7*k**2 + 2. Let n(j) be the first derivative of o(j). Give n(-2).
19
Suppose 6*m - 3*w + 12 = 5*m, w = -3*m + 14. Let c(j) = -5*j - m - 15*j - 13*j + 10*j + 2. Determine c(1).
-24
Let a(d) = -40 + 23 + 454*d - 444*d - 12. What is a(5)?
21
Let f = -2969 + 2955. Let q(o) = -o**3 - 14*o**2 - 2*o + 9. What is q(f)?
37
Suppose 4*y + 4*j + 12 = 0, 3*y + j + 0 + 1 = 0. Let b(z) = 7*z**2 - 5*z. What is b(y)?
2
Let m(l) = -7*l**2 + 14*l + 8. Let o(y) = 15*y**2 - 29*y - 17. Let f(q) = -q**3 + 10*q**2 - 3*q - 41. Let k be f(9). Let r(a) = k*m(a) + 6*o(a). What is r(7)?
9
Let l(y) = 15 - 16 - 4*y - 14*y**2 + 10*y**2. Suppose 9*d + 16 + 11 = 0. Determine l(d).
-25
Let q(h) be the second derivative of -7*h**4/24 + 4*h**3/3 + 237*h**2/2 + 273*h. Let b(c) be the first derivative of q(c). Calculate b(6).
-34
Let u = -29 + 35. Let t(j) be the second derivative of -j**4/12 + j**3/2 + 11*j**2/2 - 18*j - 17. Calculate t(u).
-7
Suppose -256*r = -410*r + 514 - 206. Let l(u) = u**3 - 5*u**2 + 2. Let d be l(5). Let s(i) = 2*i**3 + i - i**3 - 2*i**2 + 0*i**d. What is s(r)?
2
Let v(s) be the second derivative of s**4/6 - 25*s**2/2 + 3*s. Calculate v(0).
-25
Suppose -z - 2*z = -3. Suppose r + 3*s + 1 = 0, 4*r = s + 49 + 12. Let j(o) = 2*o - 14 + 29 - r. Calculate j(z).
3
Let u = 75 + -46. Let t(k) = 15 + k + 10 - 6*k - u. Let a = 196 + -199. What is t(a)?
11
Suppose r - 256 = 5*r. Let h = r - -69. Let g(o) = -o**2 + 9*o - 15. Let z be g(h). Let s(i) = 5*i - 7. Give s(z).
18
Let z(s) = s**2 - 5*s - 1. Let m(t) = 6*t**2 + 57*t + 28. Let w be m(-9). Let b(h) = 2*h**2 - 9*h + 7. Let p be b(7). Let l be w*-5*p/(-35). Give z(l).
5
Let b(y) = 19*y - 129. Let t be b(7). Suppose 0 = t*w + 5*f + 43, -3*w + 5 = -3*f + 17. Let d(l) = l**3 + 8*l**2 + 4*l - 10. Give d(w).
11
Let f(w) = -w - 3. Suppose -3*v - 549 = -3*q, 0 = -2*q - v + 426 - 72. Suppose 564 = 35*b + q. What is f(b)?
-14
Let a(b) = b - 7. Let i(h) = 3*h**2 - h**2 - h**2 - 5*h + 903 - 894. Let n be i(6). Calculate a(n).
8
Let y = 83 + -75. Let u(w) = 4*w**2 - 3 + 3*w - y*w**2 + 5*w**2 - w. Let m be 1*-2*(-2 - -4). Give u(m).
5
Let d = 91 + -93. Let n(m) = 2*m + 11. Let r(b) = b + 15. Let u(w) = -3*n(w) + 2*r(w). Determine u(d).
5
Let n(x) = 23*x**2 + 77*x + 395. Let o(z) = 10*z**2 + 39*z + 161. Let q(a) = -2*n(a) + 5*o(a). Calculate q(-11).
48
Let b(x) be the third derivative of -x**6/120 + x**5/12 - 5*x**4/12 + 8*x**3/3 + 23*x**2 + 61. Give b(4).
-8
Let x be 1 + 4 - 99/9. Let c(w) = -25*w - 5. Let z(h) = 13*h + 3. Let u(q) = x*c(q) - 10*z(q). Let m = -1 - 0. What is u(m)?
-20
Let a(d) = 295*d - 4 + 295*d - 593*d. Let y(f) = -7 - 3*f - 7*f + 7*f + 3. Let j(v) = 3*a(v) - 2*y(v). What is j(-5)?
11
Let z(s) = s**2 - 209*s + 4259. Let k be z(23). Let p(t) = 19*t + 0*t**2 + t**2 - 8 + 0*t**2. Calculate p(k).
-8
Let u(f) be the second derivative of 9/2*f**2 - 33*f - 1/2*f**3 - 2. Give u(4).
-3
Let j(d) = 15*d + 61. Let z(l) = -4*l**3 + 65*l - 8. Let s be z(4). Calculate j(s).
1
Let v(y) be the third derivative of -17/6*y**3 + 0*y + 0*y**4 + 1/60*y**5 + 0 + 37*y**2. Let w be v(-4). Let n(s) = -7*s. Give n(w).
7
Let k(l) = -l**2 + 5*l - 7. Suppose 0 = -2*b + 4*i - 0*i - 12, -4*b + 5*i - 15 = 0. Suppose -3*p + 3*z + 18 = -b*z, 11 = 2*p - z. What is k(p)?
-7
Let y(n) = 4*n - 59. Let h(x) = 18*x - 101. Let b(j) = -16*j + 99. Let g(f) = 6*b(f) + 5*h(f). Let t(s) = -5*g(s) - 8*y(s). Calculate t(12).
3
Let q be 6 + (-27 - -9) + 65. Let r(m) = 9*m - 477. Determine r(q).
0
Let u be ((-1030)/(-15))/(2/18). Let w(k) = -618 - 8*k**2 + u + k**3. Give w(8).
0
Let u(l) = -6*l**3 + 76*l**2 - 158*l + 35. Let s(i) = -i**3 + 15*i**2 - 30*i + 7. Let h(n) = 11*s(n) - 2*u(n). Give h(-14).
7
Let d(r) = 18 + 479*r**2 - 481*r**2 - 63 - 19*r. Calculate d(-5).
0
Let h(s) = s. Let z(p) = -p**2 - 3*p + 2. Let x(b) = -6*h(b) - z(b). Let w = 98 + -93. Suppose -r + w = 2. Give x(r).
-2
Let t(w) = -w**3 + 3*w**2 + 3. Let l be 1/((-1)/(-4))*9/12. Let g(q) = q**3 - 3*q**2 - 7. Let f be g(l). Let n be 0 - f - (9 + -6). Calculate t(n).
-13
Let k(l) = 6*l**3 + 43*l**2 - 4*l - 2. Let f(i) = -3*i**3 - 21*i**2 + 2*i + 1. Let h(c) = 7*f(c) + 3*k(c). What is h(-6)?
-11
Let s(o) = 31